k + 38. Is k composite?
False
Let s(a) = a**3 + 7*a**2 - a - 5. Let r(n) = n**3 - 9*n**2 - n + 3. Let j be r(9). Is s(j) prime?
True
Suppose -7 = -r - p + 2, 4*r - 11 = p. Suppose 5*w - r*b - 167 = 0, 4*w + 4*b - 170 + 22 = 0. Is w a prime number?
False
Suppose 0 = -c + 418 + 1063. Is c a prime number?
True
Suppose 4*q = 2*k + 22, 4*q + k = 3*q + 10. Suppose -3*j - q*z + 901 = -3*z, z = 1. Is j a composite number?
True
Is (-2071)/(-3) + -2*2/(-6) composite?
False
Let s = 201 - 134. Suppose c = 4*v - 36, 3*c + 97 = -0*c + v. Let x = c + s. Is x prime?
False
Let f(l) = 6*l**2 - 11*l - 7. Let v(d) = 5*d**2 - 10*d - 6. Let p(a) = 6*f(a) - 7*v(a). Let t be p(-4). Let o(m) = m + 47. Is o(t) a prime number?
True
Suppose 2*y = -0*y. Suppose 5*o - 6*o - 5*j + 43 = y, -214 = -4*o + j. Is o prime?
True
Let u be 2/((-6)/(-33)) + -2. Let p = 26 + u. Suppose -4*g = 5*d - p, -2*d - 3*g + 24 = d. Is d a composite number?
False
Let p = -140 - -778. Suppose r = 5*l - p, 3 = -r - 0*r. Is l composite?
False
Let k be 14058/8 - (-6)/8. Is 2/(-3)*k/(-4) prime?
True
Let z(f) = -31*f + 5. Is z(-8) composite?
True
Let v = 71 + 3. Suppose -2*z + 120 = -v. Is z prime?
True
Suppose -3*b + 5*k + 40576 = 0, 2*b - 13497 = b - 4*k. Is b composite?
True
Let w = 13 + -11. Let l(t) = 24*t**2 - t + 1. Is l(w) composite?
True
Suppose -4*z + 20 = 3*b - 135, 2*b + 95 = 3*z. Let r = 52 + z. Is r composite?
True
Suppose 997 = 2*r + 237. Suppose 2*q = r - 126. Is q a prime number?
True
Let s be (-2)/7 + 64/28. Suppose -6 = -q - 4*o, -2*o - 118 = -s*q - 3*q. Is q a prime number?
False
Is 3792 - ((-2)/(-4))/(1/(-2)) composite?
False
Let l be 2/(-9) + 35/(-45). Let p = 3 - l. Is 477/p + 4/(-16) prime?
False
Suppose -5*z + 0*z + 4*a = -21, 0 = 5*a + 20. Suppose -z = 4*h - 5. Is h*-1 + (-98)/(-7) a prime number?
True
Let b = 15 - 21. Let y = -4 - b. Suppose 6 = y*q - 8. Is q a prime number?
True
Suppose 4*q - 820 = -q. Suppose -s - s + q = 0. Is s composite?
True
Suppose 39 = s - 1843. Is s a composite number?
True
Suppose -v + 6 = 3*w + 2*w, 3*w + v = 2. Suppose 3*m - 1331 = n, 447 = m - 4*n + w*n. Is m composite?
False
Suppose -d + 3*l - 1 = 0, l + 8 = 6*d - 4*d. Suppose -d*s - 5*m = -500, -2*s = -5*s + m + 288. Is s composite?
False
Let x(h) = 3*h**3 - 17*h**2 + 12*h - 15. Is x(13) composite?
True
Let t be 20/150 - (-2)/(-15). Suppose t = -c + 70 + 91. Is c prime?
False
Suppose -996 - 656 = -4*p. Is p a prime number?
False
Let b(m) = m + 3. Let w(z) = z - 1. Let g be w(-4). Let c be b(g). Let f(h) = 6*h**2 + 2*h + 1. Is f(c) prime?
False
Suppose -155 = -k + 19. Suppose -5*p - k = -8*p. Is p composite?
True
Suppose 0 = -2*c - 2*n + 1514 + 810, n = 5*c - 5816. Is c composite?
False
Let g(y) = y**3 + 3*y**2 - 5*y + 1. Let q be g(-4). Suppose 5*l = 4*t + 21, 2*t = 5*l + q*t + 7. Is (9 - -2)/(l/2) prime?
False
Is 3/6 + 2259/6 a composite number?
True
Suppose 3*u + 5 = 2. Let g = -3 + u. Is (-6)/((-3)/((-30)/g)) a composite number?
True
Suppose -c = 3*q - 153 - 488, 2*q - 420 = 3*c. Is q/5 - 8/(-20) prime?
True
Let d(t) = -34*t - 3. Let a be d(-3). Suppose -5*v = -a - 101. Let b = 6 + v. Is b composite?
True
Let l = -22 - -68. Let r = 101 - l. Is r a composite number?
True
Is -2*5/20 + 107/2 a prime number?
True
Let u(l) = -l**3 + 20*l**2 - 19*l - 9. Is u(17) a composite number?
True
Let n be (4 - 0)*(-2)/4. Is 116/n*3/(-2) composite?
True
Is 2 - -618 - (0 + 1) prime?
True
Let w = -1 - -3. Suppose w*q + 239 = 3*f, -8*f = -3*f + 5*q - 365. Is f composite?
True
Is ((-3)/((-6)/(-518)))/(-1) a prime number?
False
Suppose 7*m = 4*m + 1281. Is m a composite number?
True
Let l = -28 + 16. Is 238/18 - l/(-54) prime?
True
Is (4 - 9)*(397 - 0)*-1 composite?
True
Suppose 0 = 10*s - 3*s - 8435. Is s a composite number?
True
Let k be (-2)/((4/6)/(-1)). Suppose 0 = k*a - 2*q - 24, -2*q + 0*q + 18 = 4*a. Suppose -m + a*m = 605. Is m composite?
True
Is 2/(((-32)/(-2716))/4) a prime number?
False
Is 0/5 + (1 - -34) a composite number?
True
Suppose -3*l = -8*l + 1115. Is l composite?
False
Suppose f - 249 = -2*k, 0*f - 3*f = -k - 754. Is f prime?
True
Suppose 5*w - 5*h = 5600, -3*w - 2*h = w - 4486. Is w composite?
True
Let i(t) be the third derivative of -15*t**4/8 - t**3/3 - 3*t**2. Let d be i(-2). Suppose -5*z + z = -d. Is z a composite number?
True
Suppose w - 2 = 0, -5*i + 4*w = w + 56. Let c(k) = k**3 + 10*k**2 - 9*k + 7. Is c(i) a prime number?
True
Let u(l) = l**2 + 2*l + 10. Let z be u(7). Suppose -5*w + 5*y = y - 409, 0 = -w + 3*y + z. Is w a composite number?
True
Suppose 3*b - 2098 = b. Is b a composite number?
False
Let i(o) = 3*o**3 + 5*o**2 + 3. Let x(b) = -8*b**3 - 14*b**2 - b - 8. Let h(f) = -11*i(f) - 4*x(f). Let r be h(-3). Let u = -10 + r. Is u a composite number?
False
Let p(z) = z**3 - 2*z**2 + z - 7. Let y be p(5). Let f = y - 16. Is f a composite number?
True
Suppose 4*x - 254 = 4*r - 70, 4*x - 5*r = 179. Is x a prime number?
False
Let i(c) = -3*c - 9. Let j be i(-4). Suppose 3*p = 3, -5*p + 3*p = j*t - 2057. Is t composite?
True
Let t = -628 - -1050. Is t a composite number?
True
Let t = 14 - 20. Let c(x) = -x**3 - 7*x**2 - 7*x - 3. Let y be c(t). Is y/6 + (-194)/(-4) a prime number?
False
Suppose 3*k - 3*g = k - 8, -k - 14 = -4*g. Suppose 2*m - 4 = -k*m. Is m*(-86)/(0 + -2) prime?
True
Let d(t) = -t**3 + 4*t**2 + t + 3. Let v be d(3). Let l = -1 + v. Is l a prime number?
False
Let z(a) = 2*a**2 + 8*a + 7. Let j be z(-8). Suppose -3 + 11 = 4*d. Suppose 35 + j = d*w. Is w a composite number?
False
Suppose 95 = -5*x + 4*i, x + 33 = -0*x - 2*i. Let s be (-286)/(-8) + (-1)/(-4). Let o = x + s. Is o a prime number?
True
Let u(p) = p**3 + 12*p**2 + 13*p + 1. Is u(-9) a composite number?
False
Let w be (-6)/6*1*-2. Suppose -w*b = 5*h - 364, -5*b = -h + 18 + 44. Let q = 105 - h. Is q a composite number?
True
Let c(y) = -y + 11. Let j be c(0). Let t = -5 + j. Is (-394)/(-3) - 2/t a prime number?
True
Suppose 4*b - 3044 = -3*i, -i - 3*i = 2*b - 1522. Let p = 1302 - b. Is p a composite number?
False
Let i = 33 - 2. Let t = i - 16. Is t a prime number?
False
Suppose o = 5*b - o - 50, 0 = 2*b - 3*o - 20. Suppose 0 = 4*v - 16, 2*u + 14 + b = 5*v. Is 38 - -2*(-1)/u prime?
False
Let m = -8 - 1. Let c = m + 1. Is 2*(-2)/(c/154) composite?
True
Suppose p = -2*p - 3. Let o be 1*-6*p/3. Suppose i - 21 = -o*k, -2*k + 6 - 3 = -5*i. Is k prime?
False
Suppose -11 = -4*s + 5, 4*l = 5*s. Suppose -l*j = -0*j + 90. Is (-1678)/j - (-2)/(-9) a composite number?
True
Let v(r) = -3*r**2 + 22*r - 11. Let h(j) = j**2 - 11*j + 5. Let b(n) = 5*h(n) + 2*v(n). Is b(-7) a composite number?
False
Let r be ((-56)/6)/((-2)/(-9)). Suppose 0 = -6*s + s + 385. Let t = s + r. Is t a composite number?
True
Let s(r) = -r**3 + r - 4. Let b be s(0). Suppose -4*f = -3*f. Let j = f - b. Is j composite?
True
Let h(j) = -2*j**3 + 8*j**2 + 11*j - 10. Let v be h(8). Let z = 1506 + v. Let m = z + -575. Is m a composite number?
True
Let l be (-1)/4 - (-21)/4. Suppose -545 = -l*v - 150. Is v a prime number?
True
Let a(m) = 2*m**2 - m. Let x(d) = d - 4. Let j be x(6). Let i be a(j). Suppose i*u - u = 125. Is u prime?
False
Let z be (-3)/2*(-32)/12. Suppose -z*c - 9 = -c. Let o = c - -13. Is o prime?
False
Suppose 0 = -y + 3*y - 5*j - 71, y - 5*j - 33 = 0. Is y prime?
False
Suppose 0*s = -4*s - 284. Let h = 108 + s. Is h a composite number?
False
Suppose -5*p - 2 = a, p - 4*p = -4*a - 31. Let m be 1/(-3)*0 - a. Let k = m + -1. Is k composite?
True
Suppose -3*k - 6 = -21. Suppose 67 = j + 2*x - 82, -k*j = -3*x - 745. Is j a prime number?
True
Let q = 0 + 3. Let l be (2 - 140)*q/(-2). Suppose -s + 436 = 5*m, 0 = 5*m + 4*s - 232 - l. Is m prime?
False
Let g = 2134 - 659. Suppose -g = -9*i + 4*i. Suppose -3*m + 442 = 5*d, -4*m + 2*m - 3*d + i = 0. Is m prime?
True
Suppose -3*c + 455 = -340. Is c a prime number?
False
Let o = 1 + 5. Let a(h) = -3*h - o + 3*h - 2*h. Is a(-8) composite?
True
Suppose 12*x - 10475 = 7*x. Is x prime?
False
Is 2 - 0 - (2 - 493) a prime number?
False
Suppose 4*o + 5*t - 13 = 0, 4*t - 8 - 6 = -5*o. Is (-156)/(-8)*o/3 a composite number?
False
Let r be ((-200)/(-12))/(2/3). Suppose r + 9 = 3*q - 4*h, h = q - 10. Is q prime?
False
Suppose -2*a = -5*l - 31, 0*a + 4*l = -a - 17. Let x(s) = -4*s - 3 + 5 + 7 - a. Is x(-5) a pr